Let m(z) = -a(z) - 3*q(z). Let c be m(0). List the prime factors of -2 + 2 + c/(-2).
23
Suppose -b - 5 = 0, -5*b + b + 152 = g. What are the prime factors of g?
2, 43
Suppose 2639 = 4*t - 3*t - 5*y, t + 4*y - 2666 = 0. What are the prime factors of t?
2, 1327
Let p be (35 + -5)*(-31)/2. Let n = 660 + p. What are the prime factors of n?
3, 5, 13
List the prime factors of 3/(-5) + (-7056)/(-35).
3, 67
Let v be ((-9)/(-3))/((-3)/(-7)). Suppose v*i = 4*i + 4*j - 43, -6 = 3*j. List the prime factors of (0 - i)/(6/12).
2, 17
Suppose 0 = -5*a + 104 + 131. Let w = 28 - a. Let i = w - -45. List the prime factors of i.
2, 13
Let w(p) = 12*p**2 + 11*p - 8. Let x be w(-9). Suppose 0 = j - 4*q - 283, 3*j - 2*q + 6*q = x. List the prime factors of j.
7, 41
Let g = 3697 - 3. What are the prime factors of g?
2, 1847
Let w = 3078 + -1526. List the prime factors of w.
2, 97
List the prime factors of 138/((112/72)/7).
3, 23
Let n(f) = -77*f - 43. List the prime factors of n(-8).
3, 191
What are the prime factors of (-20)/25*(2 - (2 + 1485))?
2, 3, 11
Let x be -4 + 5 + 2 + 1. Suppose z = 3*z + x. List the prime factors of (-2 - (-92)/(-8))*z.
3
Let h = -670 - -1221. Suppose 3*i - 5*d - h = 0, 3*i + 0*d - 4*d - 547 = 0. What are the prime factors of i?
3, 59
Let r(q) = 422*q + 233. List the prime factors of r(11).
3, 5, 13
Suppose 0 = -j + 5*b - 15, -10 + 2 = -2*b. Suppose -j*r = -6*r + 259. List the prime factors of r.
7, 37
Suppose 11*g - 8*g - 255 = 0. Suppose -11*l + 388 + g = 0. List the prime factors of l.
43
Suppose -5*d + 291 = -2449. What are the prime factors of d?
2, 137
Let v = -38 + 85. Let p = v - 42. List the prime factors of p.
5
Suppose 0 = -z + 4*p - 16, -3*p = 2*z - 3*z - 12. Suppose 0 = -z*f + 5*f + t - 11, -f - t = -3. What are the prime factors of ((-24)/10 + f)*-20?
2
Suppose 0 = -5*m - 3*l - 842, 8*m - 3*m + 4*l + 841 = 0. Let v = m - -245. List the prime factors of v.
2, 19
Let h(p) = -p**2 - 3*p - 1. Let o be h(-4). Let u be 11 - 15 - o*2. Suppose 0 = -8*v + u*v + 60. List the prime factors of v.
2, 3, 5
Let u(a) be the second derivative of 0 + 2*a**2 - 2/3*a**3 - 6*a. List the prime factors of u(-3).
2
Let q(v) = v**3 + 14*v**2 + 44*v + 20. What are the prime factors of q(-6)?
2, 11
Let c be (-5)/(-2) - 12/16*-2. List the prime factors of (-1460)/(-16) + c/(-16).
7, 13
Let h(g) = 5*g + 0 - 2 - 7 + 9*g**2 + 7. List the prime factors of h(-3).
2
Let v be (0 - 16/4) + 7. Suppose p - 15 = -2*p, -v*p = 4*c - 59. What are the prime factors of c?
11
Let j = 1145 + 6. List the prime factors of j.
1151
Let b = 564 + 257. List the prime factors of b.
821
Let o(a) = -31*a**2. Let v be o(2). Let n = 183 + -264. Let y = n - v. What are the prime factors of y?
43
Let l(t) = -10*t + 2 - 2*t**2 - 12 - 4 + 7*t**2 + t**3. Let x be l(-6). What are the prime factors of 1*5/(x/94)?
47
Suppose -d = -3*d - 3*w + 2342, -2*d - 5*w = -2350. What are the prime factors of d?
5, 233
Let h(v) = -30*v**2 - 5*v - 6. Let g(a) = -29*a**2 - 4*a - 5. Let u(c) = -5*g(c) + 4*h(c). What are the prime factors of u(-1)?
2, 13
Let r(n) = 59*n - 23. What are the prime factors of r(5)?
2, 17
Let w be -1 + (-8 - 1 - 1). Suppose 4*q - 2*q + 3*h = -12, -h + 7 = -3*q. Let u = q - w. What are the prime factors of u?
2
Let n(v) be the second derivative of -v**3/2 + 4*v**2 - v. What are the prime factors of n(-9)?
5, 7
Suppose -35*y + 3 = -32*y. List the prime factors of y/(2214/(-8190) + 4/14).
5, 13
Suppose 0 = 2*n - 6, 4*q - n = 2*q - 7. Let b be 13 - 0 - (-1 - q). Suppose 3*o - 4*a = 39, 3*a + b = -a. What are the prime factors of o?
3
Let o(x) = -x**3 - 4*x**2 - x + 3. Let w be o(-3). Let y(r) = 11*r**2 - 3*r - 6. What are the prime factors of y(w)?
2, 3, 17
Suppose 3 = 3*m + 15. Let o = 346 + m. List the prime factors of o.
2, 3, 19
Suppose 3*p + 1090 = 4*y, 3*y = 5*y + 2*p - 552. Suppose -7*o = -454 - y. What are the prime factors of o?
2, 13
Let o(i) = -18*i + 18. Let k be o(7). Let b = k - -151. List the prime factors of b.
43
Suppose -2*c = 9*k - 5*k - 7834, -3*k + 5893 = -2*c. What are the prime factors of k?
37, 53
Let x(q) = -25*q**2 - 4*q - 2. Let j be x(-2). Let p be (-3 - j) + 2 - 0. Let b = p - 58. What are the prime factors of b?
5, 7
Let u be 20/9 + (-10)/45. Let v be u/(-3) + (-154)/21. What are the prime factors of ((-2)/v)/((-8)/(-992))?
31
List the prime factors of (-15)/(-6)*(-111122)/(-55).
5051
Suppose 37*c - 10505 = 30047. What are the prime factors of c?
2, 137
Let o(k) = 38*k**2 + 59*k + 360. List the prime factors of o(-13).
3, 5, 401
Let k = -51 + 192. What are the prime factors of k?
3, 47
Suppose -u + 147 = -2*u. Let i = -84 - u. What are the prime factors of i?
3, 7
Let i = -35 + 37. Suppose 284 = 2*j + 2*w + 50, -240 = -i*j + w. List the prime factors of j.
7, 17
Suppose k = -2*n + 3*k + 22, 25 = -5*k. Suppose n*z + 29 = 143. List the prime factors of z.
19
What are the prime factors of (-49)/((-2)/(-4 + 40))?
2, 3, 7
Suppose i = -2*i - 12. Let o be (-12)/(-18) + i/6. Suppose -2*l = -3*h - 41, -3*l + o*h + 53 = 4*h. What are the prime factors of l?
19
Suppose 19*o - 1057 - 4529 = 0. What are the prime factors of o?
2, 3, 7
Let a = 44 - 7. Suppose 3*c = -a - 71. List the prime factors of (-2528)/c + 4/(-18).
2, 5, 7
Let t = -5 - -5. Suppose -q - 4*q + 25 = t. Suppose 3*k - q*k + 6 = 0. List the prime factors of k.
3
Let v(b) = b**3 + 6*b**2 - 3*b - 5. Let h be v(-6). Suppose -176 - h = -3*w. What are the prime factors of w?
3, 7
Suppose 6*j = 7*j + 43. Let v = j + 74. Let w = v + -6. What are the prime factors of w?
5
Let x = -554 - -2475. List the prime factors of x.
17, 113
Let c = 1845 + -517. What are the prime factors of c?
2, 83
Let p(n) = -23 + 17*n - 27 + 43. List the prime factors of p(4).
61
What are the prime factors of (-2)/(1/(47096/(-16) + 4))?
5879
Let q = -89 + 14. Let s = q + 387. List the prime factors of s.
2, 3, 13
Suppose 45*o - 8 = 47*o. Let g(t) = -48*t - 25. What are the prime factors of g(o)?
167
Let p be 2/(-10) - (-18)/15. Suppose -2*l = -5*l - 2*r + 8, -r + p = 0. Suppose l*i + i = -5*t + 155, -3*i + 99 = 3*t. What are the prime factors of t?
2, 7
Let a(q) = 363*q + 1344. List the prime factors of a(8).
2, 3, 59
Let p(n) = n**2 - 18*n - 30. Let c be p(17). Let o = 69 + c. List the prime factors of o.
2, 11
Let m(x) = -x**2 + 11*x - 10. Let z be m(10). Suppose -2*h + 0*h + 120 = z. Suppose -c = -4*c + h. List the prime factors of c.
2, 5
Suppose -k + 2*g = -328, -2*g + 1 + 9 = 0. Suppose 14*b - k = 12*b. List the prime factors of b.
13
Let q be 1/3 + (-987)/(-9). Suppose 5*h = 10*h - q. Let m = h + -7. What are the prime factors of m?
3, 5
Suppose -q + 4 = 3. List the prime factors of -186*(q - (-2)/(-6) - 1).
2, 31
Let a = -2450 + 4228. List the prime factors of a.
2, 7, 127
Let m(c) = -1 - 7*c - 5*c**2 + 4*c**2 - 2. Let x be m(-4). Let j(o) = 3*o - 6. What are the prime factors of j(x)?
3, 7
Let u = -245 + 417. Suppose -3*b = -w + 94, 0*b + u = 2*w + 2*b. List the prime factors of w.
2, 11
What are the prime factors of (3 + 1)/(-1) - (-1890)/7?
2, 7, 19
Suppose 2*j - 4*l - 94 = 0, -5*j + 4*l + 166 + 93 = 0. Let v(y) = -y**2 - 11*y + 6. Let i be v(-10). Suppose -i = -u + j. What are the prime factors of u?
71
What are the prime factors of (-3)/(((-22)/66)/((-428)/(-18)))?
2, 107
Suppose -23*j + 59*j - 96624 = 0. List the prime factors of j.
2, 11, 61
Let u = 12 - 10. Suppose 5*n - 29 = -4*p, -4*p - n + 19 = -u*p. Suppose -p*j + 7*j = -84. What are the prime factors of j?
3, 7
Suppose -1727 - 1753 = -8*c. Suppose c = 5*d - 2*d. List the prime factors of d.
5, 29
Let g = 3697 + -2260. What are the prime factors of g?
3, 479
Let u(d) = -d + 14. Let q be 5 - 3 - 4/1. Let j(b) = b**3 + b**2 + 5*b + 1. Let l be j(q). What are the prime factors of u(l)?
3
Suppose 3555 - 21339 = -8*p. What are the prime factors of p?
3, 13, 19
Let l be 28565/35 - (-3)/(-21). Suppose 0 = -29*v + 23*v + l. List the prime factors of v.
2, 17
Let b(v) = -v - 8. Suppose -3*l = 23 + 7. Let o be b(l). Suppose o*g + 2*z - 13 = -g, -4*g + 3*z = -23. List the prime factors of g.
5
Let a = 89 - -173. List the prime factors of a.
2, 131
List the prime factors of (-987)/(-4) - 4/(-16).
13, 19
Let t = 61 - 88. Let h = t + 27. List the prime factors of 3/(-2)*(